factor of 76 and c?
76
Let p(o) = 114*o + 282. Let r be p(0). What is the greatest common factor of r and 235?
47
Let y(m) be the first derivative of m**2 - 15*m - 8. Let v be y(10). What is the highest common factor of 20 and v?
5
Suppose -4*v + 24 = -2*a - 16, -2*a = -5*v + 44. Let o be (-9)/(-12) - 123/a. Let u = 42 - 20. Calculate the highest common factor of u and o.
11
Let o be ((-3)/(-2))/(48/448). What is the highest common factor of o and 434?
14
Let x(a) = 20*a. Let n = 20 + -18. Let i be x(n). What is the highest common factor of i and 60?
20
Let q(l) = 7*l - 1. Let u be q(2). Let w = 30 - u. Let b = 5 + w. What is the greatest common factor of b and 88?
22
Let h be (-11)/4*2040/(-30). Calculate the highest common factor of h and 17.
17
Suppose -8*j - 6 = -10*j. Let l(d) = 3*d + d + 2 - 1. Let k be l(j). What is the greatest common divisor of k and 39?
13
Suppose -g = 2*r - 22, 0*r = r + 2*g - 8. Suppose 0 = 4*m - 2 - 10. Suppose -m*i + i + r = 0. Calculate the greatest common divisor of i and 66.
6
Let y = 1359 - 732. What is the greatest common divisor of 99 and y?
33
Let c(n) = -9*n - 14. Let d be c(-6). Let k(z) = z - 1. Let t be k(-8). Let w be 16/(-3)*t/6. What is the greatest common factor of d and w?
8
Suppose 3*u + 2*v - 268 = 0, 5*u + 8*v - 12*v - 454 = 0. What is the highest common divisor of u and 30?
30
Let c(r) = -33*r - 408. Let m be c(-14). What is the highest common factor of m and 12?
6
Let j be (0 + 12)*13/39. Suppose 2*r = j*r - 4. Suppose -10 = -r*i + 10. Calculate the greatest common factor of i and 20.
10
Let u = -32 - -34. Suppose a + 9 = -5*i + i, u*a + 2 = -4*i. Calculate the greatest common factor of 21 and a.
7
Let l be (28/(-12) - -2) + 268/12. Let v = -41 + 63. What is the highest common divisor of l and v?
22
Let w be 2 - ((-28)/4 + 2). Suppose -3*l - 2*o + 31 = 0, 5*o + w + 28 = 5*l. Let i be 10 - -1*(-1)/1. What is the highest common divisor of l and i?
9
Suppose 3*x - x = 256. Let a be (0 + (-2 - 3))/1. Let i(g) = -g**3 - 4*g**2 + 3*g + 6. Let w be i(a). Calculate the greatest common factor of w and x.
16
Suppose 5*v = 8*j - 11*j + 1201, -3*j + v + 1225 = 0. Calculate the highest common divisor of 37 and j.
37
Let o(r) be the first derivative of 7*r**2 - 7*r - 2. Let j be o(6). Let l be 6/33 - (-1603)/j. What is the greatest common factor of l and 21?
21
Let z = 324 + -271. Calculate the greatest common divisor of 53 and z.
53
Let m(o) = -30*o + 8 - 2 - 11 + 0. Let a be m(-1). What is the highest common divisor of 100 and a?
25
Let r = -63 - -69. Let k = r + 49. What is the highest common divisor of k and 5?
5
Suppose 7*f + g + 1810 = 12*f, 0 = f + g - 356. Calculate the greatest common factor of f and 19.
19
Let h be (-1 - (1 + -7))*5. Let b = h - 7. Calculate the greatest common factor of b and 27.
9
Let q = 59 - 38. Let k(i) = i**2 + 102*i - 641. Let p be k(6). Calculate the highest common divisor of q and p.
7
Suppose 14*q + 209 = 33*q. Calculate the greatest common factor of q and 88.
11
Let c be -4*(0 - (-1)/(-1)). Suppose -c*z = -d + 2781, d + 1229 = -3*z - 848. Let l be z/(-6) - (-12)/(-18). Calculate the highest common divisor of l and 23.
23
Let t(v) = 4*v - 48. Let l be t(17). Suppose -5*x + 3*x + 360 = 0. Calculate the highest common divisor of l and x.
20
Let w be (-6)/9*(-246)/(-4). Let l(h) = 9*h**2 + 10*h - 26. Let p be l(4). Let a = w + p. What is the highest common factor of a and 13?
13
Suppose 5*d = 3*d + 196. Let z = 59 + -10. What is the highest common divisor of z and d?
49
Let b(d) = -d**2 + 13*d + 12. Let v be b(13). Let s be v/14*(13 - -1). Let t = 103 - 31. Calculate the greatest common factor of s and t.
12
Suppose -6 = 2*x - 16. Let b be 10/35 - x/(-7). Let c be (6/(-5))/(b/(-5)). Calculate the highest common divisor of c and 6.
6
Let x = -53 - -201. Suppose 0*s + 4*k = 3*s - x, -188 = -4*s - 4*k. What is the highest common divisor of 240 and s?
48
Let r be (-4)/2 - 0 - -4. Let v(m) = -2 + 10 + r - 5*m + 4*m. Let l be v(8). What is the greatest common factor of l and 8?
2
Let b = 4 + -2. Let u be 4/(-6) + 110/3. Suppose -v + 16 = -4*i - 0*i, -2*i = 5*v - u. Calculate the greatest common factor of v and b.
2
Let o = 1649 + -434. What is the greatest common divisor of 30 and o?
15
Let q be 5*((-66)/(-11) - (-1058)/10). Calculate the greatest common factor of 13 and q.
13
Suppose 5*d + 14 = -46. Let l be 9/(-5)*40/d. What is the greatest common factor of 30 and l?
6
Suppose 3*r = -r - 28. Let t = 1 - r. Let q(u) = u**3 + 17*u**2 - 2*u - 22. Let y be q(-17). What is the highest common divisor of y and t?
4
Suppose -227 = 13*u - 292. Calculate the greatest common factor of 17 and u.
1
Let b be 336/(-16)*(0 - 3). Suppose -4*l - b = -7*l. Calculate the highest common factor of l and 7.
7
Let i = -251 + 368. What is the greatest common factor of 78 and i?
39
Suppose 0 = -2*a + 4*j + 50, 4*j - 2 - 17 = -a. Suppose -5*d - 30 = 5*q, -3*q + 9 = d + q. Let m = a + d. Calculate the greatest common divisor of m and 4.
4
Let b(o) = 6*o + 220. Let i be b(-24). What is the highest common divisor of i and 266?
38
Suppose 2*u = 4*i - 2*i + 44, 74 = 3*u - 5*i. Let l = u + -14. Calculate the greatest common factor of 6 and l.
2
Suppose 3*z + 3*r + r - 90 = 0, z = 5*r + 30. What is the greatest common divisor of 195 and z?
15
Let z(q) = 3*q**3 + 7*q**2 + 2*q + 4. Let p be z(4). Suppose 4*s - 2*s = -i + 300, -2*s = -3*i - p. What is the highest common divisor of s and 19?
19
Suppose -2*c + 4*c = 4. Let n be 640/6 - 1/(-3). Suppose -b - 5*v = c*b - 113, 0 = 3*b - v - n. Calculate the greatest common divisor of b and 9.
9
Let c be 3*26*2/4. Suppose -i + 215 = 4*n, 5*n + 560 = -18*i + 21*i. What is the highest common divisor of c and i?
39
Suppose 0 = 16*s - 42*s + 3640. Calculate the greatest common factor of s and 80.
20
Let o(h) = h**3 - 12*h**2 + 11*h. Let l be o(11). Suppose l = 45*p - 42*p - 3. What is the greatest common divisor of p and 2?
1
Let g be (0 - 0) + 25 + 2. Suppose 12*l - 10*l = 6. Suppose -v = -j + l*v + g, 5*v + 25 = 0. What is the greatest common divisor of 56 and j?
7
Let h(k) = 19*k**2 + 2*k + 1. Let u be h(-1). What is the highest common divisor of 24 and u?
6
Let p be (-414)/(-51) + 6/(-51). Let b be (p/12)/(2/(-3)). Let z = 39 - b. Calculate the greatest common factor of z and 10.
10
Let t be (-2 - -3)/((-4)/(-104)). Let r = -20 - -33. What is the highest common divisor of r and t?
13
Let s(v) = -19*v + 28*v - 39*v - 10. Let x be s(-4). Suppose 3*t + o = 30, t - 2*t + 10 = 4*o. Calculate the highest common divisor of x and t.
10
Let v(s) = 4*s - 3 + 4*s**2 - 3*s + 17*s**2. Let f be v(1). Calculate the highest common divisor of f and 95.
19
Let w = -8694 + 8716. Let g = 375 + -133. Calculate the greatest common divisor of w and g.
22
Let d be (-3195)/(-45) + -1 + 12. What is the greatest common factor of 902 and d?
82
Suppose -4*x + 4 = -0. Let c = 41 + -35. Suppose -c*n + x = -11. Calculate the highest common divisor of 20 and n.
2
Suppose 3*p - 29 - 16 = 0. Let q be (-27)/9 + (15 - 1). Let z = q + -6. What is the highest common factor of z and p?
5
Let w be -10*(-12)/30 + 1. Let d = -63 - -118. Calculate the highest common factor of d and w.
5
Let r(n) = -25*n**3 - 6*n**2 + 5*n - 5. Let z be r(4). Let w be 1/(-6) - z/6. What is the greatest common factor of 40 and w?
40
Let a(v) = 29*v + 3. Let y be a(1). Let l = -6 + 7. Suppose -z + l = -3. What is the greatest common divisor of y and z?
4
Let n be 1/((-4)/(-8) - 0). Let s be ((-39)/3)/(n - 3). Let a = s - -43. What is the greatest common divisor of a and 14?
14
Let k = -5 - -27. Let j(i) = i**3 + 28*i**2 + 51*i + 7. Let u be j(-26). Calculate the highest common factor of u and k.
11
Suppose -85 = 5*g - 45. Let a be 41 + 2*-1*(-4)/g. Calculate the greatest common divisor of a and 8.
8
Let o be (-42)/(-4)*(2 + (333/27 - 11)). Let q be (0 - (1 + 0))*1. Let g = 6 - q. Calculate the highest common divisor of o and g.
7
Suppose r = -2*u + 99, 2*u - 109 = -5*r + 2. Calculate the greatest common divisor of u and 132.
12
Suppose x + 24 = -2*d + 55, -133 = -4*x + d. Let i = -2 + 5. Calculate the greatest common divisor of i and x.
3
Let v(d) = -4*d + 1. Let a be v(-1). Suppose a*t - 8*t = -9. Let h = t + 5. Calculate the g